+ -37).
2, 5
Suppose -5*s = r - 3*r + 58, -5*r = 5*s - 180. Suppose -42 = -4*y - q + 16, -3*y + 4*q + r = 0. List the prime factors of y.
2, 7
Suppose 5 = -0*j + j + 4*r, 0 = -3*j - 5*r + 22. What are the prime factors of 119/j + 8/(-36)?
13
Let k = -35 + 95. Let p = k - 36. What are the prime factors of p?
2, 3
Let x(d) = d**3 + 4*d**2 - 3*d - 6. What are the prime factors of x(-4)?
2, 3
Let b(y) = y**2 - 17*y + 15. List the prime factors of b(18).
3, 11
Suppose -43 = -p + z + z, 5*z + 83 = 2*p. What are the prime factors of p?
7
Let f be 1/(-2) - 15/2. Let q(s) = s + 13. What are the prime factors of q(f)?
5
Let j be (172/6)/((-8)/12). Let u = j - -77. List the prime factors of u.
2, 17
Let a = -29 - -54. Let u = -2 + a. What are the prime factors of u?
23
Let k(a) = a**2 + 10 + 23 + 11. Let p be k(0). What are the prime factors of (-48)/(-22) + (-8)/p?
2
Suppose 2*z + 10 = 0, -2*z - 126 = -2*q + 6*q. Let k = -18 - q. What are the prime factors of k?
11
Suppose 5*f - 6 = 3*f. Suppose -f*i + q + 43 = -1, 3*q = -3*i + 60. List the prime factors of i.
2
Let m(t) = t**3 + 4*t**2 - 5*t + 3. Let b be m(-5). List the prime factors of (-7)/21 + 34/b.
11
Suppose 0 = 3*u - 24 - 21. Suppose 18 = 3*l - u. List the prime factors of l.
11
Let h = -31 - 11. List the prime factors of h/(-12)*(-20)/(-7).
2, 5
Let n(s) be the third derivative of -s**6/360 - 11*s**5/120 - s**4/12 - 3*s**2. Let p(m) be the second derivative of n(m). List the prime factors of p(-8).
5
Let m(t) = -4 + 0*t**3 + t**3 + 2 - t**2 + 3*t. Let v be m(2). List the prime factors of v*((-5)/2)/(-5).
2
Let b = 67 - 41. What are the prime factors of b?
2, 13
Let g be (-6)/2 - (4 + 4). Let c(k) = k**3 + 11*k**2 + 13. List the prime factors of c(g).
13
Suppose 3*f = h + 9, -2*f = -5*f + 4*h. List the prime factors of 4*6*f/3.
2
List the prime factors of (-64)/(-10)*(-50)/(-4).
2, 5
Let h(p) = -p**3 + p**2 + 1. List the prime factors of h(-3).
37
List the prime factors of (-652)/(-14) - 3/(-7).
47
Suppose -3*d = d. Suppose -28 = -4*m - 4*u, 2*u - u - 23 = -3*m. Suppose d*l = l - m. What are the prime factors of l?
2
Let c = 5 + -2. Let p = 9 - c. What are the prime factors of p?
2, 3
Let r(d) = -d**2 - 3*d + 8. Let a be r(-6). What are the prime factors of (-5)/(a/6) + 7?
2, 5
Let y = 10 + -14. Let r = -6 - y. Let u(l) = -3*l - 3. What are the prime factors of u(r)?
3
List the prime factors of 4/(-2)*(-485)/10.
97
Let r = -51 + 100. List the prime factors of r.
7
Let b(v) = 7*v - 40. What are the prime factors of b(13)?
3, 17
Let g(q) = -q**2 + 6*q + 2. List the prime factors of g(5).
7
Suppose 2*c - 15 = w + 10, 2*c = -2*w - 38. Let z = -11 - w. What are the prime factors of (-4 + 5)/(2/z)?
5
Let c(s) be the first derivative of -s**3 - 2*s**2 - 2*s - 4. Let h be c(-2). Let m(i) = -i**3 - 7*i**2 - 6*i + 5. What are the prime factors of m(h)?
5
Let o(k) be the second derivative of k**3 - 1/2*k**4 + 0 - 1/20*k**5 - 2*k**2 + 2*k. List the prime factors of o(-7).
3
Suppose 3*c = 112 - 22. Suppose -3*y + 31 = -0*v + 4*v, -2*y + 2*v + c = 0. What are the prime factors of y?
13
Let v be (1 - 0 - 0) + 59. Suppose -z + v = 4*z. List the prime factors of z.
2, 3
Let p = 8 + -4. Let q(r) = r + 5. What are the prime factors of q(p)?
3
Suppose -3*z - 6 = -6*z. Let m = 0 + z. Suppose -m*k + 5 = -5. List the prime factors of k.
5
Let c(x) = -11*x**3 - 3*x**2 - 3*x - 5. What are the prime factors of c(-2)?
7, 11
Let o = -51 - -225. List the prime factors of o.
2, 3, 29
Let l(s) = s**3 - 11*s**2 - 18*s - 9. List the prime factors of l(13).
5, 19
Let a = -105 + 192. List the prime factors of a.
3, 29
Let v = 77 + -53. Let a be (-1)/(-1) - (-1 + -32). Let m = a - v. What are the prime factors of m?
2, 5
Let c(z) = -6*z. Let m(o) = -o. Let s(w) = c(w) - 12*m(w). What are the prime factors of s(1)?
2, 3
List the prime factors of 25 - (-4)/(12/9).
2, 7
Let f(y) = 4*y - 2. Let k be f(-4). Let x(w) = w**3 - 5*w**2 + 2*w - 7. Let i be x(5). List the prime factors of 3*(-20)/k*i.
2, 5
Suppose 5*a = 4*w + 8*a + 11, 5*w = -a - 11. Let x = -2 - w. What are the prime factors of x - (-2)/((-6)/(-15))?
5
Let j(p) = p**3 - 4*p**2 - p - 2. Let o be j(4). Let x(h) = -h**3 - 6*h**2 - 2*h - 3. Let z be x(o). Suppose -i - 2 = -z. What are the prime factors of i?
7
Suppose 0 = 3*u + 2*u - 4*y - 310, y = -2*u + 137. List the prime factors of u.
2, 3, 11
Suppose -3*m + 0*m = -129. What are the prime factors of m?
43
Let j be 15*(1/(-3) - 0). Let v be 96/15 - (-2)/j. Suppose -v*w + 84 = -2*w. List the prime factors of w.
3, 7
Suppose -4*z - 5*w = 10 + 7, 10 = -2*w. Suppose 5*y - 3*r + 127 = 412, -z*r + 10 = 0. Suppose 10 + 0 = 2*k, -4*s + y = 4*k. List the prime factors of s.
2, 5
Let d = 1 + 3. What are the prime factors of (2 - -27)/(4/d)?
29
Suppose 6*l = 4*l + 8, 8 = t - l. Suppose -2 + t = -5*s, -5*v - 3*s + 74 = 0. Suppose 0 = -3*r + v - 7. What are the prime factors of r?
3
Let t(m) = 58*m - 5. Let b be t(2). Suppose -29 = -c - 4*y + 3*y, 4*c - y - b = 0. What are the prime factors of c?
2, 7
Let t = -10 + 27. Let n = t - 10. List the prime factors of n.
7
Suppose 120 = 4*o - o. What are the prime factors of o?
2, 5
Suppose 0 = 2*f - 2*o + 8, -3*f + 5*f + 4*o - 10 = 0. List the prime factors of (3/(-9))/(f/87).
29
Let q(z) = 6*z + 14. Let c be q(-6). What are the prime factors of 6/33 + (-678)/c?
31
Let q = -19 - -35. List the prime factors of q.
2
Let m = -61 - -164. What are the prime factors of m?
103
Suppose 0 = -4*r - 0*r + 532. Suppose -4*k + i + r = 0, -3*k - 2*i = -5*i - 111. What are the prime factors of k?
2
Let s = 240 + -20. What are the prime factors of s?
2, 5, 11
Let v(o) = 2*o**2 + 5*o - o**2 + 0*o + 8. Let q be (-3)/3*-4 + -10. What are the prime factors of v(q)?
2, 7
Let d = 658 + -379. List the prime factors of d.
3, 31
Suppose 3 = 5*r - 4*r. Suppose 4*y - 81 = 2*b + r*b, b - 51 = -4*y. List the prime factors of y.
2, 7
Suppose 4 - 1 = -3*u. Let j(l) = 6*l**2 - 1. Let s be j(u). Suppose r + 0*r - 5*b = s, 5*r + b = 77. List the prime factors of r.
3, 5
Let m be (2 + -91)*(-1 + 0). Let o = m - 51. Suppose -2*s = -3*j + o, 0 = s + 4 - 0. What are the prime factors of j?
2, 5
What are the prime factors of (4/8 + -2)*-62?
3, 31
Let w = -8 - -8. Suppose 4*v = -w*v + 56. What are the prime factors of v?
2, 7
Suppose -2*l + 14 = -0*l. Suppose y = -0*u + u + l, -2*y - 4*u = -8. What are the prime factors of y?
2, 3
Let h = 92 + -90. Let j = -6 + 8. Suppose -j*g = -h*l + 30, l - 3*g - 65 = -3*l. What are the prime factors of l?
2, 5
Suppose 0 = 13*b - 446 - 737. List the prime factors of b.
7, 13
Let h(m) = -m**3 - 3*m**2 + m - 2. Let q(n) = -n**3 - 5*n**2 + 2*n - 4. Let c(t) = -5*h(t) + 3*q(t). What are the prime factors of c(2)?
2
Suppose 0 = -5*k - 20, -3*k + 5 = 3*v + 2. Suppose v*c - 27 = 13. List the prime factors of c.
2
Let r = 1 + 5. Let n(b) = 32*b**2 + 11*b - 3. Let h(y) = 11*y**2 + 4*y - 1. Let z(j) = r*n(j) - 17*h(j). List the prime factors of z(-1).
2, 3
Let c(l) be the first derivative of l**4/12 - l**3/3 + l**2 - 2. Let o(h) be the second derivative of c(h). List the prime factors of o(7).
2, 3
Suppose -20 = -4*q + 100. List the prime factors of q.
2, 3, 5
Suppose 2*p + 15 = 7*p. Suppose -4*k - 5*a + 32 = 0, a + 8 = k - p*a. List the prime factors of k.
2
Let t(b) = -10*b. Let h be t(1). Let y = 19 - h. What are the prime factors of y?
29
Let a(o) = o - 5. Let j be a(7). Suppose 2*y - 5*l = 20, -7*l + 25 = y - j*l. What are the prime factors of y?
3, 5
Let l be (2/3)/(6/72). Let f(y) = -y**3 + 8*y**2 + 5*y - 8. Let u be f(l). Suppose 0 = 2*q + 2 + 2, 0 = 2*a + 3*q - u. List the prime factors of a.
19
Suppose 6*a + 21 = -3*r + a, 5*r = -a - 13. Let h = 3 + r. List the prime factors of h + (6 - (-2 - -4)).
5
Suppose -y + 43 = w, -5*w + 2*y = -y - 175. What are the prime factors of w?
2, 19
Let l(u) = -u + 7. Let t be l(10). Let q be t/(-5) - (-317)/5. Suppose 0 = 4*d + 2*v - 64, -4*d - 4*v = -v - q. List the prime factors of d.
2
Let d be ((-24)/5)/((-5)/(-25)). Let g = d + 45. Suppose 4*u - g = u. What are the prime factors of u?
7
Suppose -2*n = 3*n + 5*f - 200, 2*n - 74 = f. What are the prime factors of n?
2, 19
Let z = -32 - -105. What are the prime factors of z?
73
Suppose 0 = -2*q + q + 30. Le